actors of m(9)?
2, 13
Suppose -3*k = 2*k - 330. List the prime factors of k.
2, 3, 11
Let d(w) = 5*w**3 + 3*w**2 - w - 1. Let y be d(-3). Let x = y - -154. List the prime factors of x.
2, 3
Suppose r - 82 = -5*i, -3*r + i = -i - 263. List the prime factors of r.
3, 29
Suppose 2*p + 12 = -8. Let u = 19 + -37. Let a = p - u. What are the prime factors of a?
2
Let w be -2*(-3)/((-12)/26). Let f = w - -18. Suppose -f*o + s = -98, 5*o - 5*s = 108 - 18. List the prime factors of o.
2, 5
Suppose -2*g - 2*g = -8. Suppose -7*r = -g*r + 3*s - 49, 5*r = 5*s + 25. Suppose 3*x = 2*x + 2*p + r, 4*p - 8 = -2*x. What are the prime factors of x?
2, 3
Suppose -3*h = y - 217, 7*h - 384 = -2*y + 11*h. What are the prime factors of y?
2, 101
Let d = 2 - 0. Suppose d*q = -q + 18. What are the prime factors of q?
2, 3
Suppose 3*g = -9 + 54. List the prime factors of g.
3, 5
Suppose 0 = -2*n + n + 16. What are the prime factors of n?
2
Suppose u + 0*u = 4. Suppose -4*s - 5*a - 58 = 0, 2*s + u*a = 2*a - 30. Let n = s - -34. What are the prime factors of n?
17
Suppose 0 = -f + 1 + 17. List the prime factors of -48*(-3)/f*2.
2
What are the prime factors of (-45)/6*(-8)/6?
2, 5
Let l(p) = -2*p**2 + 8*p - 8 - 6*p**2 + 7*p**2. List the prime factors of l(6).
2
Let u(m) = -m**2 - 7*m - 3. Let z be u(-3). Suppose -s + 1 = -z. List the prime factors of s.
2, 5
Let j = -2 + 10. Suppose 4 = 2*g - j. Suppose -y = 3*b - 8, 1 - g = -3*b - 4*y. What are the prime factors of b?
3
Let b be 1 + 1 + -4 - -1. What are the prime factors of (b/1)/((-9)/342)?
2, 19
Suppose 0 = 6*f - 8*f + 76. What are the prime factors of f?
2, 19
Suppose 3*h - 63 = 5*j - 0*j, -5*j + 49 = 4*h. What are the prime factors of h?
2
Suppose 0 = 3*g, o = 3*g - 6*g. Let c(n) = -n**3 + 6*n**2 + 4. Let a be c(6). Suppose a*z - 3*q - 27 = o, -4*z + 1 = 4*q - 19. List the prime factors of z.
2, 3
Let m be (-3)/12 + (-94)/8. Let t = 18 + m. List the prime factors of t.
2, 3
Suppose 12*o = 11*o. Suppose o = 3*l, l - 36 = -3*b + 4*l. List the prime factors of b.
2, 3
Let b(o) = -o**3 - 6*o**2 + o - 6. Let i be b(-6). Let d = 52 + i. Suppose -l + d = 3*l. List the prime factors of l.
2, 5
What are the prime factors of (4/(-5))/((-341)/85 - -4)?
2, 17
What are the prime factors of ((2169/12)/3)/((-7)/(-28))?
241
Let z = -87 - -46. Let x = -27 - z. List the prime factors of x.
2, 7
Let r(c) = -3*c + 9. List the prime factors of r(-7).
2, 3, 5
Let n(i) = -i**2 + 7*i - 9. Let u be n(6). Let q = u - -14. Suppose 0 = 4*b - 7*b + 3, v - q = -5*b. What are the prime factors of v?
2, 3
Suppose -2*j + 32 = -r - 90, -5*r - 10 = 0. Suppose -3*g = -0*g - j. Let c = -9 + g. What are the prime factors of c?
11
Suppose 720 - 250 = 5*j. List the prime factors of j.
2, 47
Let z = 1 + 39. List the prime factors of z.
2, 5
Let w(q) = -3*q + 5. Let x be w(5). Let j be (4 - 3)/(2/x). List the prime factors of 1 + (2*-1 - j).
2
Let m(d) be the second derivative of d**7/840 - d**5/120 + d**4/12 + d. Let b(n) be the third derivative of m(n). What are the prime factors of b(2)?
11
Let c(x) = -x + 4*x + 0*x + 4*x - 11. Let b be c(10). Suppose -5*o = -r - 143 + b, 2*r - 36 = -2*o. List the prime factors of o.
17
What are the prime factors of 1 + 4/12 - 160/(-15)?
2, 3
List the prime factors of -2 - 9/(-6) - (-9809)/34.
2, 3
What are the prime factors of 17/((-34)/4)*(-1 - 112)?
2, 113
Suppose y = -360 + 138. List the prime factors of (5/15)/((-2)/y).
37
Let n(g) = -85*g + 3. List the prime factors of n(-1).
2, 11
Suppose 2*a = a + 4. Suppose -a*g + 48 = -0*g. List the prime factors of -1*3 + (g - 0).
3
Let o(b) be the third derivative of b**4/12 - 5*b**3/6 - b**2. Let d(t) = t**2 + 2*t + 2. Let p be d(-3). List the prime factors of o(p).
5
Suppose -3*b + 3*z = z - 116, 5*z + 56 = b. List the prime factors of b.
2, 3
Suppose 4*n - 19 - 5 = 0. Let m(v) = -v**2 - 7*v - 7. Let a be m(-5). Suppose n = -p + a*u, 7*p - 2*u - 35 = 2*p. List the prime factors of p.
3
Suppose 9 + 24 = 3*q. Suppose -3*n + 4 = -q. What are the prime factors of (-2)/(-5) - (-28)/n?
2, 3
Suppose -4*n + 114 = -n - 4*k, 5*n - 219 = -3*k. What are the prime factors of n?
2, 3, 7
Let s be (-3)/(-9) - 10/(-6). Suppose c + 11 = s*t, -4*c = -c + 9. List the prime factors of 30/t + 2/4.
2
What are the prime factors of ((-44)/3 + 0)/((-3)/27)?
2, 3, 11
Let h be (-1)/(-3) - 28/(-6). Suppose 0 = h*g - g - 20. List the prime factors of g.
5
Let a = -1 + 3. Suppose 0 = 2*o - a*v - 8, 0 = 5*v - 4 + 14. Suppose -5*h = -6*y + y + 20, 0 = -o*y + 5*h + 2. List the prime factors of y.
2, 3
Let r(t) = -t**2 - 5*t - 5. Let c be r(-4). Let w be -7 - (-5 + 2)/c. What are the prime factors of 2/((-4)/w)*2?
2, 5
Let l(t) = -t - 3. Let i be l(3). Let p = i - -11. Suppose -7 = -r + p. What are the prime factors of r?
2, 3
Let m be 27/(-5) + (-2)/(-5). Let u = m - -5. Let t(b) = -b + 11. What are the prime factors of t(u)?
11
List the prime factors of 3*(-3)/9 + 46.
3, 5
Let b = 79 + -13. Suppose 5*p = b + 34. List the prime factors of p.
2, 5
Let k(l) = 3*l - 4*l + 2 + 10. What are the prime factors of k(7)?
5
Let l(b) = -b**3 - 5*b**2 + 5*b + 2. Let u = -12 - -6. What are the prime factors of l(u)?
2
Suppose p + 2*p - 102 = 0. Let x be 40/(1 + 1) + 0. Let b = p - x. List the prime factors of b.
2, 7
Suppose -x + 4*h - 412 = -5*x, -212 = -2*x - 4*h. Suppose s = -4*s - x. What are the prime factors of 20/6*(-48)/s?
2
Let d(v) = -5*v + 2*v + 2*v. Let q be d(0). Suppose 20 = 5*j - q. What are the prime factors of j?
2
Let w = 10 - 5. Suppose w*x + 60 = 260. Let z = x - 26. List the prime factors of z.
2, 7
Suppose -2*p - 3*p + 4*r = -221, 2*r - 33 = -p. Let i = 5 + p. What are the prime factors of i?
2, 23
Let x(c) be the first derivative of c**2 - c - 1 + 1/3*c**3. What are the prime factors of x(1)?
2
Suppose -4*i - 129 = x - 907, 790 = 4*i - 5*x. What are the prime factors of i?
3, 5, 13
Suppose -39 = -r + 18. What are the prime factors of r?
3, 19
Let w be -5 + 2 + 3/1. Suppose -2*m + 19 + 5 = w. Suppose -3*l = m, -2*a - l = l - 8. What are the prime factors of a?
2
Let s(d) = -4*d + 2. Let q = 3 + -5. Let k = q - 0. List the prime factors of s(k).
2, 5
Suppose -4*x - 124 = -8*x. What are the prime factors of x?
31
Suppose f - 3 = -3*u + 2, 3*u = f - 17. What are the prime factors of f - (-2)/3*-3?
3
Let w(a) = a - 6. Let k(c) = 2*c - 13. Let n(p) = 6*k(p) - 13*w(p). Let x be n(-6). Suppose -2 - x = -2*q. What are the prime factors of q?
2
Let n = 94 + -26. What are the prime factors of n?
2, 17
Let p(w) = -4*w - 4*w + 4*w - 2*w + 1. Suppose -2*y + 4*c = -10, 1 - 12 = -4*y + 5*c. What are the prime factors of p(y)?
7
Let g(o) = -5*o**2 + 4*o**2 - 7*o**2 + o. Let n be g(1). Let v(c) = c + 9. List the prime factors of v(n).
2
Let d be (-26)/(-12) + (-9)/54. Suppose -2*f = d*i - 3*i + 44, 2*i - 106 = -5*f. List the prime factors of i.
2, 3
Suppose -z + 51 = -3*w, -3*w = -0*w + 3*z + 63. List the prime factors of 56/6 - 12/w.
2, 5
List the prime factors of 109 + -7 - (-3 - -3)/2.
2, 3, 17
Let z = -30 + 81. What are the prime factors of z?
3, 17
Suppose -4*m + 0 = -4. List the prime factors of (7/(-4))/(m/(-28)).
7
Let w be (-7)/21 + 19/3. Let k(h) = 10*h**2 - 27*h + 15. Let b(q) = -3*q**2 + 9*q - 5. Let s(u) = 7*b(u) + 2*k(u). What are the prime factors of s(w)?
13
Let o(f) = -f**3 - 4*f**2 - 4*f + 1. Let l be o(-3). Suppose 3*w - 24 = -4*n, -n = -l*w + 12 + 1. Suppose n*r - 6 = 2*r. What are the prime factors of r?
2, 3
Let j(q) = -q**2 + 30*q - 11. List the prime factors of j(21).
2, 89
Suppose -5*i + 3*z + z = -71, -3*z - 42 = -3*i. What are the prime factors of i?
3, 5
Let k(v) = v + 17. Let r = 8 + -5. Suppose r*c + 13 = -14. What are the prime factors of k(c)?
2
Let h = -9 + 8. Let r = h + 19. List the prime factors of r.
2, 3
Let c(l) = 2*l - 4. Let i be c(4). Suppose -h - m = -11, 4*h = i*m - m + 9. List the prime factors of h.
2, 3
Suppose 0 = 2*o + o + 30. Suppose -3*b + 51 = 4*j, -2*b - b = j - 60. Let m = o + b. What are the prime factors of m?
11
Let m(k) = -8*k + 3*k + 4*k + 11. Let u be m(7). Suppose u*c + 10 - 58 = 0. List the prime factors of c.
2, 3
Let m be (5 + 0)*(-1 + 2). Suppose -2*r - 25 = -3*d, -5*d + d + 45 = -m*r. Suppose -4*v + 12 = -0*v, d*v = -2*f + 39. List the prime facto